{"id":269,"date":"2026-01-18T14:36:19","date_gmt":"2026-01-18T14:36:19","guid":{"rendered":"https:\/\/www.host275566.stronawcal.pl\/?page_id=269"},"modified":"2026-03-12T10:14:26","modified_gmt":"2026-03-12T10:14:26","slug":"269-2","status":"publish","type":"page","link":"https:\/\/krzysztofgrabowski.eu\/index.php\/269-2\/","title":{"rendered":"Przydatne linki"},"content":{"rendered":"\n<p><\/p>\n\n\n\n<div class=\"wp-block-group alignfull has-gray-fade-1-gradient-background has-background has-global-padding is-layout-constrained wp-container-core-group-is-layout-bf9a9bf7 wp-block-group-is-layout-constrained\" style=\"padding-top:var(--wp--preset--spacing--80);padding-bottom:var(--wp--preset--spacing--80)\">\n<div class=\"wp-block-columns alignwide are-vertically-aligned-center is-layout-flex wp-container-core-columns-is-layout-8d4acc37 wp-block-columns-is-layout-flex\">\n<div class=\"wp-block-column is-vertically-aligned-center is-layout-flow wp-block-column-is-layout-flow\" style=\"flex-basis:50%\">\n<div class=\"wp-block-group has-global-padding is-layout-constrained wp-container-core-group-is-layout-a903b90d wp-block-group-is-layout-constrained\">\n<p class=\"has-text-align-left has-secondary-color has-text-color has-x-small-font-size\" style=\"letter-spacing:1px;text-transform:uppercase\">Przydatne linki<\/p>\n\n\n\n<h2 class=\"wp-block-heading alignfull has-text-align-left has-secondary-color has-text-color\">Zobacz tak\u017ce<\/h2>\n<\/div>\n<\/div>\n\n\n\n<div class=\"wp-block-column is-vertically-aligned-center is-layout-flow wp-block-column-is-layout-flow\" style=\"flex-basis:50%\">\n<div class=\"wp-block-columns is-layout-flex wp-container-core-columns-is-layout-87beb0d0 wp-block-columns-is-layout-flex\">\n<div class=\"wp-block-column is-layout-flow wp-block-column-is-layout-flow\">\n<div class=\"wp-block-group has-border-color has-secondary-border-color has-secondary-background-color has-background has-global-padding is-layout-constrained wp-container-core-group-is-layout-056f53c0 wp-block-group-is-layout-constrained\" style=\"border-style:solid;border-width:1px;border-radius:5px;padding-top:var(--wp--preset--spacing--40);padding-right:var(--wp--preset--spacing--40);padding-bottom:var(--wp--preset--spacing--40);padding-left:var(--wp--preset--spacing--40)\">\n<figure class=\"wp-block-image aligncenter size-full is-resized wp-duotone-white\"><a href=\"https:\/\/www.umww.pl\/\"><img fetchpriority=\"high\" decoding=\"async\" width=\"471\" height=\"451\" src=\"http:\/\/www.host275566.stronawcal.pl\/wp-content\/uploads\/2025\/12\/herb_pion_umww_white-edited.png\" alt=\"\" class=\"wp-image-117\" style=\"width:80px\" srcset=\"https:\/\/krzysztofgrabowski.eu\/wp-content\/uploads\/2025\/12\/herb_pion_umww_white-edited.png 471w, https:\/\/krzysztofgrabowski.eu\/wp-content\/uploads\/2025\/12\/herb_pion_umww_white-edited-300x287.png 300w\" sizes=\"(max-width: 471px) 100vw, 471px\" \/><\/a><\/figure>\n\n\n\n<h5 class=\"wp-block-heading has-text-align-center has-default-color has-text-color has-x-small-font-size\">Urz\u0105d Marsza\u0142kowski <\/h5>\n<\/div>\n<\/div>\n\n\n\n<div class=\"wp-block-column is-layout-flow wp-block-column-is-layout-flow\">\n<div class=\"wp-block-group has-border-color has-secondary-border-color has-secondary-background-color has-background has-global-padding is-layout-constrained wp-container-core-group-is-layout-056f53c0 wp-block-group-is-layout-constrained\" style=\"border-style:solid;border-width:1px;border-radius:5px;padding-top:var(--wp--preset--spacing--40);padding-right:var(--wp--preset--spacing--40);padding-bottom:var(--wp--preset--spacing--40);padding-left:var(--wp--preset--spacing--40)\">\n<figure class=\"wp-block-image aligncenter size-full is-resized wp-duotone-unset-1\"><a href=\"https:\/\/wow.umww.pl\/\"><img decoding=\"async\" width=\"821\" height=\"304\" src=\"http:\/\/www.host275566.stronawcal.pl\/wp-content\/uploads\/2025\/12\/Logo_Wielkopolska_Odnowa_Wsi-removebg-preview.png\" alt=\"\" class=\"wp-image-122\" style=\"aspect-ratio:2.701181755425784;width:205px;height:auto\" srcset=\"https:\/\/krzysztofgrabowski.eu\/wp-content\/uploads\/2025\/12\/Logo_Wielkopolska_Odnowa_Wsi-removebg-preview.png 821w, https:\/\/krzysztofgrabowski.eu\/wp-content\/uploads\/2025\/12\/Logo_Wielkopolska_Odnowa_Wsi-removebg-preview-300x111.png 300w, https:\/\/krzysztofgrabowski.eu\/wp-content\/uploads\/2025\/12\/Logo_Wielkopolska_Odnowa_Wsi-removebg-preview-768x284.png 768w\" sizes=\"(max-width: 821px) 100vw, 821px\" \/><\/a><\/figure>\n\n\n\n<h5 class=\"wp-block-heading has-text-align-center has-default-color has-text-color has-x-small-font-size\">Wielkopolska Odnowa Wsi<\/h5>\n<\/div>\n<\/div>\n<\/div>\n<\/div>\n<\/div>\n\n\n\n<div class=\"wp-block-columns alignwide are-vertically-aligned-center is-layout-flex wp-container-core-columns-is-layout-8d4acc37 wp-block-columns-is-layout-flex\">\n<div class=\"wp-block-column is-vertically-aligned-center is-layout-flow wp-block-column-is-layout-flow\" style=\"flex-basis:25%\">\n<div class=\"wp-block-group has-border-color has-secondary-border-color has-secondary-background-color has-background has-global-padding is-layout-constrained wp-container-core-group-is-layout-056f53c0 wp-block-group-is-layout-constrained\" style=\"border-style:solid;border-width:1px;border-radius:5px;padding-top:var(--wp--preset--spacing--40);padding-right:var(--wp--preset--spacing--40);padding-bottom:var(--wp--preset--spacing--40);padding-left:var(--wp--preset--spacing--40)\">\n<figure class=\"wp-block-image aligncenter size-full is-resized wp-duotone-unset-2\"><a href=\"https:\/\/wscrw.pl\/\"><img decoding=\"async\" width=\"510\" height=\"510\" src=\"http:\/\/www.host275566.stronawcal.pl\/wp-content\/uploads\/2026\/01\/364732055_109065472279527_5366191462578058561_n-1.jpg\" alt=\"\" class=\"wp-image-282\" style=\"width:80px\" srcset=\"https:\/\/krzysztofgrabowski.eu\/wp-content\/uploads\/2026\/01\/364732055_109065472279527_5366191462578058561_n-1.jpg 510w, https:\/\/krzysztofgrabowski.eu\/wp-content\/uploads\/2026\/01\/364732055_109065472279527_5366191462578058561_n-1-300x300.jpg 300w, https:\/\/krzysztofgrabowski.eu\/wp-content\/uploads\/2026\/01\/364732055_109065472279527_5366191462578058561_n-1-150x150.jpg 150w\" sizes=\"(max-width: 510px) 100vw, 510px\" \/><\/a><\/figure>\n\n\n\n<h5 class=\"wp-block-heading has-text-align-center has-default-color has-text-color has-x-small-font-size\">Wielkopolskie Samorz\u0105dowe Centrum Rozwoju Wsi w Sielinku<\/h5>\n<\/div>\n\n\n\n<div class=\"wp-block-group has-border-color has-secondary-border-color has-secondary-background-color has-background has-global-padding is-layout-constrained wp-container-core-group-is-layout-056f53c0 wp-block-group-is-layout-constrained\" style=\"border-style:solid;border-width:1px;border-radius:5px;padding-top:var(--wp--preset--spacing--40);padding-right:var(--wp--preset--spacing--40);padding-bottom:var(--wp--preset--spacing--40);padding-left:var(--wp--preset--spacing--40)\">\n<figure class=\"wp-block-image aligncenter size-full is-resized wp-duotone-unset-3\"><a href=\"https:\/\/www.gov.pl\/web\/rolnictwo\"><img loading=\"lazy\" decoding=\"async\" width=\"900\" height=\"900\" src=\"http:\/\/www.host275566.stronawcal.pl\/wp-content\/uploads\/2026\/01\/channels4_profile.jpg\" alt=\"\" class=\"wp-image-285\" style=\"width:80px\" srcset=\"https:\/\/krzysztofgrabowski.eu\/wp-content\/uploads\/2026\/01\/channels4_profile.jpg 900w, https:\/\/krzysztofgrabowski.eu\/wp-content\/uploads\/2026\/01\/channels4_profile-300x300.jpg 300w, https:\/\/krzysztofgrabowski.eu\/wp-content\/uploads\/2026\/01\/channels4_profile-150x150.jpg 150w, https:\/\/krzysztofgrabowski.eu\/wp-content\/uploads\/2026\/01\/channels4_profile-768x768.jpg 768w\" sizes=\"(max-width: 900px) 100vw, 900px\" \/><\/a><\/figure>\n\n\n\n<h5 class=\"wp-block-heading has-text-align-center has-default-color has-text-color has-x-small-font-size\">Ministerstwo Rolnictwa i Rozwoju Wsi<\/h5>\n<\/div>\n<\/div>\n\n\n\n<div class=\"wp-block-column is-vertically-aligned-center is-layout-flow wp-block-column-is-layout-flow\" style=\"flex-basis:25%\">\n<div class=\"wp-block-group has-border-color has-secondary-border-color has-secondary-background-color has-background has-global-padding is-layout-constrained wp-container-core-group-is-layout-056f53c0 wp-block-group-is-layout-constrained\" style=\"border-style:solid;border-width:1px;border-radius:5px;padding-top:var(--wp--preset--spacing--40);padding-right:var(--wp--preset--spacing--40);padding-bottom:var(--wp--preset--spacing--40);padding-left:var(--wp--preset--spacing--40)\">\n<figure class=\"wp-block-image aligncenter size-full is-resized wp-duotone-unset-4\"><a href=\"https:\/\/zosprp.pl\/\"><img loading=\"lazy\" decoding=\"async\" width=\"170\" height=\"170\" src=\"http:\/\/www.host275566.stronawcal.pl\/wp-content\/uploads\/2025\/12\/LOGO_ZOSP_RP-removebg-preview.png\" alt=\"\" class=\"wp-image-121\" style=\"width:80px\" srcset=\"https:\/\/krzysztofgrabowski.eu\/wp-content\/uploads\/2025\/12\/LOGO_ZOSP_RP-removebg-preview.png 170w, https:\/\/krzysztofgrabowski.eu\/wp-content\/uploads\/2025\/12\/LOGO_ZOSP_RP-removebg-preview-150x150.png 150w\" sizes=\"(max-width: 170px) 100vw, 170px\" \/><\/a><\/figure>\n\n\n\n<h5 class=\"wp-block-heading has-text-align-center has-default-color has-text-color has-x-small-font-size\">Zwi\u0105zek Ochotniczych Stra\u017cy Po\u017carnych RP<\/h5>\n<\/div>\n\n\n\n<div class=\"wp-block-group has-border-color has-secondary-border-color has-secondary-background-color has-background has-global-padding is-layout-constrained wp-container-core-group-is-layout-056f53c0 wp-block-group-is-layout-constrained\" style=\"border-style:solid;border-width:1px;border-radius:5px;padding-top:var(--wp--preset--spacing--40);padding-right:var(--wp--preset--spacing--40);padding-bottom:var(--wp--preset--spacing--40);padding-left:var(--wp--preset--spacing--40)\">\n<figure class=\"wp-block-image aligncenter size-full is-resized wp-duotone-unset-5\"><a href=\"https:\/\/www.produktyregionalne.pl\/\"><img loading=\"lazy\" decoding=\"async\" width=\"400\" height=\"400\" src=\"http:\/\/www.host275566.stronawcal.pl\/wp-content\/uploads\/2026\/01\/304543906_381177100858227_1439807766879798749_n.jpg\" alt=\"\" class=\"wp-image-321\" style=\"width:80px\" srcset=\"https:\/\/krzysztofgrabowski.eu\/wp-content\/uploads\/2026\/01\/304543906_381177100858227_1439807766879798749_n.jpg 400w, https:\/\/krzysztofgrabowski.eu\/wp-content\/uploads\/2026\/01\/304543906_381177100858227_1439807766879798749_n-300x300.jpg 300w, https:\/\/krzysztofgrabowski.eu\/wp-content\/uploads\/2026\/01\/304543906_381177100858227_1439807766879798749_n-150x150.jpg 150w\" sizes=\"(max-width: 400px) 100vw, 400px\" \/><\/a><\/figure>\n\n\n\n<h5 class=\"wp-block-heading has-text-align-center has-default-color has-text-color has-x-small-font-size\">Polska Izba Produktu Regionalnego i Lokalnego<\/h5>\n<\/div>\n<\/div>\n\n\n\n<div class=\"wp-block-column is-vertically-aligned-center is-layout-flow wp-block-column-is-layout-flow\" style=\"flex-basis:25%\">\n<div class=\"wp-block-group has-border-color has-secondary-border-color has-secondary-background-color has-background has-global-padding is-layout-constrained wp-container-core-group-is-layout-056f53c0 wp-block-group-is-layout-constrained\" style=\"border-style:solid;border-width:1px;border-radius:5px;padding-top:var(--wp--preset--spacing--40);padding-right:var(--wp--preset--spacing--40);padding-bottom:var(--wp--preset--spacing--40);padding-left:var(--wp--preset--spacing--40)\">\n<figure class=\"wp-block-image aligncenter size-full is-resized wp-duotone-unset-6\"><a href=\"https:\/\/www.psl.pl\/\"><img loading=\"lazy\" decoding=\"async\" width=\"512\" height=\"512\" src=\"http:\/\/www.host275566.stronawcal.pl\/wp-content\/uploads\/2026\/01\/logo_psl_inwersja-01.png\" alt=\"\" class=\"wp-image-286\" style=\"aspect-ratio:2.255;object-fit:cover;width:221px;height:auto\" srcset=\"https:\/\/krzysztofgrabowski.eu\/wp-content\/uploads\/2026\/01\/logo_psl_inwersja-01.png 512w, https:\/\/krzysztofgrabowski.eu\/wp-content\/uploads\/2026\/01\/logo_psl_inwersja-01-300x300.png 300w, https:\/\/krzysztofgrabowski.eu\/wp-content\/uploads\/2026\/01\/logo_psl_inwersja-01-150x150.png 150w\" sizes=\"(max-width: 512px) 100vw, 512px\" \/><\/a><\/figure>\n\n\n\n<h5 class=\"wp-block-heading has-text-align-center has-default-color has-text-color has-x-small-font-size\">Polskie Stronnictwo Ludowe<\/h5>\n<\/div>\n\n\n\n<div class=\"wp-block-group has-border-color has-secondary-border-color has-secondary-background-color has-background has-global-padding is-layout-constrained wp-container-core-group-is-layout-056f53c0 wp-block-group-is-layout-constrained\" style=\"border-style:solid;border-width:1px;border-radius:5px;padding-top:var(--wp--preset--spacing--40);padding-right:var(--wp--preset--spacing--40);padding-bottom:var(--wp--preset--spacing--40);padding-left:var(--wp--preset--spacing--40)\">\n<figure class=\"wp-block-image aligncenter size-full is-resized wp-duotone-unset-7\"><a href=\"https:\/\/polskieregiony.pl\/\"><img loading=\"lazy\" decoding=\"async\" width=\"417\" height=\"417\" src=\"http:\/\/www.host275566.stronawcal.pl\/wp-content\/uploads\/2026\/01\/481106961_665083042530335_5426371247847602270_n.jpg\" alt=\"\" class=\"wp-image-323\" style=\"aspect-ratio:1;object-fit:cover;width:80px\" srcset=\"https:\/\/krzysztofgrabowski.eu\/wp-content\/uploads\/2026\/01\/481106961_665083042530335_5426371247847602270_n.jpg 417w, https:\/\/krzysztofgrabowski.eu\/wp-content\/uploads\/2026\/01\/481106961_665083042530335_5426371247847602270_n-300x300.jpg 300w, https:\/\/krzysztofgrabowski.eu\/wp-content\/uploads\/2026\/01\/481106961_665083042530335_5426371247847602270_n-150x150.jpg 150w\" sizes=\"(max-width: 417px) 100vw, 417px\" \/><\/a><\/figure>\n\n\n\n<h5 class=\"wp-block-heading has-text-align-center has-default-color has-text-color has-x-small-font-size\">Polskie Regiony &#8211; Zwi\u0105zek Wojew\u00f3dztw RP<\/h5>\n<\/div>\n<\/div>\n\n\n\n<div class=\"wp-block-column is-vertically-aligned-center is-layout-flow wp-block-column-is-layout-flow\" style=\"flex-basis:25%\">\n<div class=\"wp-block-group has-border-color has-secondary-border-color has-secondary-background-color has-background has-global-padding is-layout-constrained wp-container-core-group-is-layout-056f53c0 wp-block-group-is-layout-constrained\" style=\"border-style:solid;border-width:1px;border-radius:5px;padding-top:var(--wp--preset--spacing--40);padding-right:var(--wp--preset--spacing--40);padding-bottom:var(--wp--preset--spacing--40);padding-left:var(--wp--preset--spacing--40)\">\n<figure class=\"wp-block-image aligncenter size-full is-resized wp-duotone-unset-8\"><a href=\"https:\/\/www.wodr.poznan.pl\/\"><img loading=\"lazy\" decoding=\"async\" width=\"1028\" height=\"772\" src=\"http:\/\/www.host275566.stronawcal.pl\/wp-content\/uploads\/2025\/12\/313123140_842143913452085_525542653996402129_n.jpg\" alt=\"\" class=\"wp-image-124\" style=\"aspect-ratio:1.3314840781093407;width:104px;height:auto\" srcset=\"https:\/\/krzysztofgrabowski.eu\/wp-content\/uploads\/2025\/12\/313123140_842143913452085_525542653996402129_n.jpg 1028w, https:\/\/krzysztofgrabowski.eu\/wp-content\/uploads\/2025\/12\/313123140_842143913452085_525542653996402129_n-300x225.jpg 300w, https:\/\/krzysztofgrabowski.eu\/wp-content\/uploads\/2025\/12\/313123140_842143913452085_525542653996402129_n-1024x769.jpg 1024w, https:\/\/krzysztofgrabowski.eu\/wp-content\/uploads\/2025\/12\/313123140_842143913452085_525542653996402129_n-768x577.jpg 768w\" sizes=\"(max-width: 1028px) 100vw, 1028px\" \/><\/a><\/figure>\n\n\n\n<h5 class=\"wp-block-heading has-text-align-center has-default-color has-text-color has-x-small-font-size\">Wielkopolski O\u015brodek Doradztwa Rolniczego w Poznaniu<\/h5>\n<\/div>\n\n\n\n<div class=\"wp-block-group has-border-color has-secondary-border-color has-secondary-background-color has-background has-global-padding is-layout-constrained wp-container-core-group-is-layout-056f53c0 wp-block-group-is-layout-constrained\" style=\"border-style:solid;border-width:1px;border-radius:5px;padding-top:var(--wp--preset--spacing--40);padding-right:var(--wp--preset--spacing--40);padding-bottom:var(--wp--preset--spacing--40);padding-left:var(--wp--preset--spacing--40)\">\n<figure class=\"wp-block-image aligncenter size-full is-resized wp-duotone-unset-9\"><a href=\"https:\/\/dprow.umww.pl\/\"><img loading=\"lazy\" decoding=\"async\" width=\"292\" height=\"359\" src=\"http:\/\/www.host275566.stronawcal.pl\/wp-content\/uploads\/2026\/03\/PSWPR-2023-2027-logo-kolor-03.jpg\" alt=\"\" class=\"wp-image-543\" style=\"aspect-ratio:1;object-fit:cover;width:82px;height:auto\" srcset=\"https:\/\/krzysztofgrabowski.eu\/wp-content\/uploads\/2026\/03\/PSWPR-2023-2027-logo-kolor-03.jpg 292w, https:\/\/krzysztofgrabowski.eu\/wp-content\/uploads\/2026\/03\/PSWPR-2023-2027-logo-kolor-03-244x300.jpg 244w\" sizes=\"(max-width: 292px) 100vw, 292px\" \/><\/a><\/figure>\n\n\n\n<h5 class=\"wp-block-heading has-text-align-center has-default-color has-text-color has-x-small-font-size\">Fundusze Europejskie dla Obszar\u00f3w Wiejskich<\/h5>\n<\/div>\n<\/div>\n<\/div>\n<\/div>\n","protected":false},"excerpt":{"rendered":"<p>Przydatne linki Zobacz tak\u017ce Urz\u0105d Marsza\u0142kowski Wielkopolska Odnowa Wsi Wielkopolskie Samorz\u0105dowe Centrum Rozwoju Wsi w Sielinku Ministerstwo Rolnictwa i Rozwoju Wsi Zwi\u0105zek Ochotniczych Stra\u017cy Po\u017carnych RP Polska Izba Produktu Regionalnego i Lokalnego Polskie Stronnictwo Ludowe Polskie Regiony &#8211; Zwi\u0105zek Wojew\u00f3dztw RP Wielkopolski O\u015brodek Doradztwa Rolniczego w Poznaniu Fundusze Europejskie dla Obszar\u00f3w Wiejskich<\/p>\n","protected":false},"author":1,"featured_media":0,"parent":0,"menu_order":0,"comment_status":"closed","ping_status":"closed","template":"","meta":{"footnotes":""},"class_list":["post-269","page","type-page","status-publish","hentry"],"_links":{"self":[{"href":"https:\/\/krzysztofgrabowski.eu\/index.php\/wp-json\/wp\/v2\/pages\/269","targetHints":{"allow":["GET"]}}],"collection":[{"href":"https:\/\/krzysztofgrabowski.eu\/index.php\/wp-json\/wp\/v2\/pages"}],"about":[{"href":"https:\/\/krzysztofgrabowski.eu\/index.php\/wp-json\/wp\/v2\/types\/page"}],"author":[{"embeddable":true,"href":"https:\/\/krzysztofgrabowski.eu\/index.php\/wp-json\/wp\/v2\/users\/1"}],"replies":[{"embeddable":true,"href":"https:\/\/krzysztofgrabowski.eu\/index.php\/wp-json\/wp\/v2\/comments?post=269"}],"version-history":[{"count":8,"href":"https:\/\/krzysztofgrabowski.eu\/index.php\/wp-json\/wp\/v2\/pages\/269\/revisions"}],"predecessor-version":[{"id":547,"href":"https:\/\/krzysztofgrabowski.eu\/index.php\/wp-json\/wp\/v2\/pages\/269\/revisions\/547"}],"wp:attachment":[{"href":"https:\/\/krzysztofgrabowski.eu\/index.php\/wp-json\/wp\/v2\/media?parent=269"}],"curies":[{"name":"wp","href":"https:\/\/api.w.org\/{rel}","templated":true}]}}